remainder when 1486492 is divided by 6463?
2
Calculate the remainder when 803333 is divided by 512.
5
What is the remainder when 4050892 is divided by 201?
139
Calculate the remainder when 4758671 is divided by 58749.
2
What is the remainder when 326882 is divided by 90?
2
What is the remainder when 50100 is divided by 2503?
40
What is the remainder when 264880 is divided by 12034?
132
Calculate the remainder when 241868 is divided by 80578.
134
Calculate the remainder when 611631 is divided by 231.
174
Calculate the remainder when 2495362 is divided by 163.
158
What is the remainder when 16255 is divided by 4115?
3910
Calculate the remainder when 60477 is divided by 59015.
1462
What is the remainder when 25499 is divided by 7952?
1643
What is the remainder when 4952818 is divided by 291?
289
Calculate the remainder when 1564997 is divided by 1872.
5
What is the remainder when 441861 is divided by 9718?
4551
What is the remainder when 598362 is divided by 3311?
2382
What is the remainder when 30108502 is divided by 1373?
1358
What is the remainder when 1063153 is divided by 561?
58
What is the remainder when 1000952 is divided by 91?
43
Calculate the remainder when 279714 is divided by 279669.
45
Calculate the remainder when 180515 is divided by 36080.
115
Calculate the remainder when 1933198 is divided by 4354.
22
What is the remainder when 19153912 is divided by 52333?
34
What is the remainder when 41765 is divided by 2475?
2165
Calculate the remainder when 6777313 is divided by 847158.
49
What is the remainder when 78631 is divided by 3141?
106
What is the remainder when 210634 is divided by 7065?
5749
What is the remainder when 3809047 is divided by 200476?
3
What is the remainder when 4309972 is divided by 1070?
12
Calculate the remainder when 421776 is divided by 1622.
56
Calculate the remainder when 4672401 is divided by 6297.
27
Calculate the remainder when 70156 is divided by 4981.
422
Calculate the remainder when 271288 is divided by 19373.
66
Calculate the remainder when 373328 is divided by 15811.
9675
Calculate the remainder when 4077741 is divided by 528.
525
Calculate the remainder when 15651 is divided by 505.
501
Calculate the remainder when 11421677 is divided by 1038332.
25
Calculate the remainder when 3652617 is divided by 12.
9
Calculate the remainder when 78677926 is divided by 21.
19
Calculate the remainder when 54082 is divided by 135.
82
Calculate the remainder when 377565 is divided by 539.
265
What is the remainder when 521824 is divided by 3894?
28
What is the remainder when 214727 is divided by 4313?
3390
What is the remainder when 501810 is divided by 41815?
30
What is the remainder when 17880371 is divided by 2506?
61
Calculate the remainder when 184540 is divided by 4849.
278
What is the remainder when 1292253 is divided by 5847?
66
Calculate the remainder when 11524759 is divided by 807.
799
What is the remainder when 12554 is divided by 81?
80
What is the remainder when 157819 is divided by 17525?
94
What is the remainder when 424027 is divided by 423738?
289
Calculate the remainder when 1527387 is divided by 5.
2
What is the remainder when 115572246 is divided by 12841357?
33
What is the remainder when 18586467 is divided by 67?
64
Calculate the remainder when 882496 is divided by 15755.
216
Calculate the remainder when 1064150 is divided by 81857.
9
Calculate the remainder when 67188998 is divided by 161.
156
What is the remainder when 24427605 is divided by 65?
20
Calculate the remainder when 26083 is divided by 1697.
628
What is the remainder when 397427 is divided by 23326?
885
What is the remainder when 14758330 is divided by 13?
2
What is the remainder when 16258772 is divided by 110603?
131
Calculate the remainder when 48008276 is divided by 1116471.
23
Calculate the remainder when 27629675 is divided by 1332.
1331
What is the remainder when 170309 is divided by 17002?
289
What is the remainder when 1365504 is divided by 2421?
60
What is the remainder when 109722 is divided by 54827?
68
What is the remainder when 714166 is divided by 75?
16
What is the remainder when 91053258 is divided by 31?
27
Calculate the remainder when 11242554 is divided by 2.
0
What is the remainder when 954859 is divided by 314?
299
What is the remainder when 799959 is divided by 266635?
54
Calculate the remainder when 854494 is divided by 427107.
280
Calculate the remainder when 5258488 is divided by 34.
14
What is the remainder when 1650955 is divided by 3520?
75
Calculate the remainder when 1154566 is divided by 88812.
10
What is the remainder when 56998085 is divided by 81?
5
What is the remainder when 95223 is divided by 18381?
3318
Calculate the remainder when 1856204 is divided by 618718.
50
Calculate the remainder when 17220765 is divided by 48.
45
What is the remainder when 2288409 is divided by 68?
5
What is the remainder when 24949847 is divided by 260?
247
What is the remainder when 1887860 is divided by 6992?
20
What is the remainder when 2910656 is divided by 573?
389
What is the remainder when 645117817 is divided by 52?
45
Calculate the remainder when 634393 is divided by 316756.
881
What is the remainder when 6804838 is divided by 120?
118
Calculate the remainder when 733758 is divided by 65.
38
Calculate the remainder when 244957 is divided by 1597.
616
What is the remainder when 8302144 is divided by 68?
24
Calculate the remainder when 255001 is divided by 10055.
3626
Calculate the remainder when 45252 is divided by 15558.
14136
Calculate the remainder when 13108245 is divided by 125.
120
Calculate the remainder when 484964 is divided by 124.
0
What is the remainder when 176811 is divided by 58852?
255
Calculate the remainder when 81821 is divided by 20451.
17
What is the remainder when 50833723 is divided by 75533?
14
What is the remainder when 1140289 is divided by 2258?
2257
What is the remainder when 32282188 is divided by 569?
542
Calculate the remainder when 20942028 is divided by 4.
0
Calculate the remainder when 325025 is divided by 325018.
7
Calculate the remainder when 179970 is divided by 608.
2
What is the remainder when 56809 is divided by 13995?
829
Calculate the remainder when 19987081 is divided by 1427648.
9
What is the remainder when 1821978 is divided by 1124?
1098
Calculate the remainder when 73616 is divided by 3633.
956
Calculate the remainder when 74771 is divided by 1115.
66
Calculate the remainder when 4500 is divided by 1105.
80
Calculate the remainder when 505225 is divided by 252546.
133
What is the remainder when 2254961 is divided by 355?
1
What is the remainder when 24360 is divided by 24180?
180
Calculate the remainder when 125133 is divided by 41646.
195
Calculate the remainder when 1123404 is divided by 853.
3
Calculate the remainder when 1697914 is divided by 5.
4
What is the remainder when 1033646 is divided by 1033589?
57
Calculate the remainder when 31706 is divided by 5210.
446
What is the remainder when 172420 is divided by 86108?
204
Calculate the remainder when 72136 is divided by 2660.
316
Calculate the remainder when 7544263 is divided by 964.
963
Calculate the remainder when 119583 is divided by 85.
73
What is the remainder when 1145594 is divided by 39501?
65
What is the remainder when 1125714 is divided by 187615?
24
Calculate the remainder when 4461772 is divided by 3305.
22
Calculate the remainder when 735245 is divided by 184.
165
What is the remainder when 6271365 is divided by 9197?
8208
Calculate the remainder when 71884 is divided by 395.
389
What is the remainder when 791572 is divided by 8685?
1237
Calculate the remainder when 3727748 is divided by 1242410.
518
Calculate the remainder when 5633872 is divided by 18.
16
What is the remainder when 5468600 is divided by 11070?
20
What is the remainder when 39184186 is divided by 187?
19
What is the remainder when 409698 is divided by 102317?
430
What is the remainder when 1058934 is divided by 16808?
30
Calculate the remainder when 25133649 is divided by 37.
30
What is the remainder when 11983311 is divided by 17?
11
Calculate the remainder when 65334 is divided by 381.
183
What is the remainder when 507954 is divided by 1455?
159
What is the remainder when 7232 is divided by 430?
352
What is the remai